the prime factors of j?
2, 11
Let p(m) = 5096*m - 1353. What are the prime factors of p(7)?
34319
Let f = -8821 - -10053. What are the prime factors of f?
2, 7, 11
Let n(k) = k**2 + 6*k - 14. Let a be n(-8). Let u(j) = 2 + 3*j**3 - j + j**3 - 6*j**2 + 3*j**2. List the prime factors of u(a).
2, 5
Let j be 97*-3*-3*10/45. What are the prime factors of 6/((-966)/j + 25/5)?
3, 97
List the prime factors of 6945*9*(-13)/(-585).
3, 463
Let l(c) = -c**3 + 6*c**2 - 7*c + 9. Suppose h - 19 = -4*k, 4*h - 2*h - 23 = -5*k. Let a be l(k). List the prime factors of 213/a*(-12)/36.
71
Let y(n) = -169*n - 1. Let p be y(2). Let h be -1 - (-5)/15*p. What are the prime factors of (h/(-4))/(5/10)?
3, 19
Let u(x) = -x**2 - 7*x + 32. Let s = 133 + -129. Suppose s*g - 7 = -43. What are the prime factors of u(g)?
2, 7
Suppose 164*h - 166*h - 29536 = -v, 4*h - 118048 = -4*v. What are the prime factors of v?
2, 3, 5, 41
Let f(s) be the second derivative of s**4/4 - 13*s**3/3 - 23*s**2/2 - 299*s. Suppose -2*b - 3*b = -m - 65, -4*m = 20. What are the prime factors of f(b)?
97
Let b(d) = 2*d**2 + 7*d - 3. Let k(z) = z + 4. Let p be k(2). Suppose -30 = p*h + 48. List the prime factors of b(h).
2, 61
Let m = -179 + 135. What are the prime factors of (-3 - m/(-12))*258/(-5)?
2, 43
Suppose 3*n = -2*u - 83, 6*u = 3*u - 2*n - 132. Let h = u - -46. What are the prime factors of -3 + h - (-85 - 4)?
2, 43
Let h(n) = -n**3 + n**2 - 4. Let k(q) = 2*q**3 - q**2 - q + 20. Let g(r) = -3*h(r) - k(r). Suppose x - 35 = -4*x. What are the prime factors of g(x)?
2, 61
Suppose -1158 = -2*l + 4*w, 2*w - 5*w + 2895 = 5*l. What are the prime factors of l?
3, 193
Let y(k) = -2*k - 2. Let b be y(2). List the prime factors of (-16)/72 + b/(-27) + 104.
2, 13
Suppose 0 = 4*u - 5*t - 9858, 11*t + 9856 = 4*u + 7*t. What are the prime factors of u?
2, 1231
Let x(s) = s**3 - 44*s**2 + 45*s - 1. Let t be x(43). Suppose z = 82*q - t*q + 4134, 3*q - 4143 = 2*z. What are the prime factors of q?
7, 197
Let p(x) = 35*x**3 + 4*x**2 + 2. Let d be p(2). Suppose 7*m - d = 4266. List the prime factors of m.
2, 163
Let k(z) = -z**3 - 3*z**2 + 1. Let m be k(-3). Let v be m*(8/(-12) + (-4)/(-6)). Suppose v = 30*u - 35*u + 425. List the prime factors of u.
5, 17
Let i(v) = -49*v + 15 + 17 - 6. Let h(b) = -b**2 - 5*b - 9. Let w be h(-2). What are the prime factors of i(w)?
173
Let g(u) = -u**2 + 17*u - 56. Let i be g(11). Let h(n) = -n**3 + 22*n**2 - 41*n + 4. What are the prime factors of h(i)?
2, 397
Let o(d) = -4*d + 15. Let u(v) = -11*v + 46. Let y(l) = 8*o(l) - 3*u(l). Let q be y(15). Let n(w) = -5*w**3 - 5*w**2 - 2*w + 6. List the prime factors of n(q).
2, 3, 17
Let a(c) = -5*c - 14. Let h = 25 + -9. Let t be a(h). Let y = -75 - t. What are the prime factors of y?
19
Let f(o) = o**3 + 7*o**2 - 5*o + 27. Let m be f(-8). Suppose 0 = m*y - 1233 + 369. What are the prime factors of y?
2, 3
Let j(l) be the second derivative of 7*l**4/4 - 5*l**3/3 - 29*l**2 - 37*l. What are the prime factors of j(-5)?
11, 47
Let a(d) = -789*d - 26. What are the prime factors of a(-4)?
2, 5, 313
Let w(f) be the first derivative of -f**2/2 + 2*f + 6. Let v be w(-7). List the prime factors of (v/6 - (-141)/(-2))*-1.
3, 23
Suppose 5*h + g - 2651 = 0, -3*h + 4*g + 382 + 1204 = 0. Suppose 6*b - h = 970. List the prime factors of b.
2, 5
Suppose 3*i + 74 = 92. List the prime factors of (2 + 8/i)*744/16.
5, 31
Suppose 0 = -12*u + 163*u - 4276924. List the prime factors of u.
2, 73, 97
Let c be (112/(-3))/(46/759) + -5. Let h = c + 1303. What are the prime factors of h?
2, 11, 31
Suppose -3*d = -5*w + 27, 0 = -3*w - 2*d - 5 + 25. Suppose 2*g - w*g + 2276 = 0. What are the prime factors of g?
569
Let y(d) = -4*d - 30. Let h be y(-6). Let r(u) = -2*u**3 - 10*u**2 - 14*u - 47. What are the prime factors of r(h)?
109
Suppose -5*o + 3*l = -401681, -4*o + 321356 = -1324*l + 1320*l. What are the prime factors of o?
2, 7, 19, 151
Let l = -4 + 4. Suppose l = -0*u - u. Suppose 3*r = -5*q + 134, -q = 3*r - u*q - 142. List the prime factors of r.
2, 3
Let a(x) = 13*x**2 + 78*x + 1382. List the prime factors of a(-21).
5477
Let z = -11750 - -12582. List the prime factors of z.
2, 13
Let x(u) = 2*u**3 - 8*u**2 - 8*u - 11. Let h be x(7). Let c(z) = z**3 - 14*z**2 + 4*z + 19. Let o be c(13). Let n = h + o. What are the prime factors of n?
3, 43
Let o(c) = c**2 + 25*c - 24. Let n be o(-26). List the prime factors of (3 - n)*(1 - 1) + 231.
3, 7, 11
Let h(t) be the first derivative of 13*t**3/3 + 7*t**2/2 + 6*t + 223. List the prime factors of h(-4).
2, 3, 31
Let m(a) = 468*a - 22. Let o be m(2). Suppose 5*c - 351 = o. Let r = c - 66. What are the prime factors of r?
11, 17
Suppose -z + t = -6803, 27*z - 32*z = t - 34027. What are the prime factors of z?
5, 1361
Let n = 6151 - 4025. What are the prime factors of n?
2, 1063
Let a = -726 - -1032. Suppose -8*u + 7*u + a = 0. What are the prime factors of u?
2, 3, 17
Suppose -46884*p = -46905*p + 685881. What are the prime factors of p?
3, 19, 191
Let h(g) = 9*g**2 - 2*g + 102. Let f be 22*((-14)/4)/(-7). List the prime factors of h(f).
7, 167
Let t = -1415 + 2471. Let l = t + -722. List the prime factors of l.
2, 167
Let w(h) = h**3 + 4*h**2 - 3*h + 16. Let i be w(-12). Let a = -740 - i. List the prime factors of a.
2, 3, 5
What are the prime factors of 9/(-30) - 2/10 - 3798990/(-260)?
19, 769
Let m(l) = -l**3 + 34*l**2 - 92*l + 24. List the prime factors of m(26).
2, 5, 19
Let q(g) = -g**3 + 15*g**2 - 11*g + 27. Let z be q(16). Let a = 647 + z. List the prime factors of a.
2, 11
Let l = 70938 - -9267. List the prime factors of l.
3, 5, 5347
List the prime factors of (-1331)/2*(16 + -104) + 11.
3, 5, 11, 71
Let p(s) = s**2 - 5 - 2*s - 19*s**2 + s + 21*s**2. What are the prime factors of p(13)?
3, 163
Suppose -3*h - 4717 = -3*w + 11195, 3*h + 21215 = 4*w. List the prime factors of w.
5303
Let u(s) = -14*s - 14. Let m = -30 - -29. Let v be (5/m)/1 + -1. What are the prime factors of u(v)?
2, 5, 7
Suppose 86*d = 87*d - 2. Let p be 3/d*1380/45. List the prime factors of (p/(-8))/((-8)/64).
2, 23
Suppose 4*x - 4 = 4. Let k = x + 1. Suppose k*y - 2*y = -v + 39, 0 = -3*y + 3*v + 129. What are the prime factors of y?
41
Let c = -668 - -670. Suppose -l + 359 = 3*t, -c*t + 10 - 2 = 0. List the prime factors of l.
347
Suppose 342 = 20*h - 11*h. Suppose -h*k + 24*k = -714. What are the prime factors of k?
3, 17
Let o(i) be the second derivative of i**5/30 + i**4/4 - 17*i**3/6 + 2*i**2 - 15*i. Let t(d) be the first derivative of o(d). What are the prime factors of t(4)?
3, 13
Let s(p) = p**2 + 12*p + 20. Let r be s(-10). Suppose -c = -l + 6 + 10, r = -4*c + 2*l - 66. Let q = c + 68. What are the prime factors of q?
3, 17
What are the prime factors of (-6)/(-9)*(-438066)/(-6)*10/20?
24337
Let z(s) = -s**2 - 11*s + 1. Let i(t) = -3*t**2 - t - 1. Let p be i(-2). Let o be z(p). What are the prime factors of (-110)/(-2) - o - 4?
2, 5
Let w = -239 - -634. Let g = w - 136. What are the prime factors of g?
7, 37
Suppose 8*g = -6*g - 350. Let o be 13*(g/(-5) + 17). Suppose -10*h + 674 = -o. List the prime factors of h.
2, 3
Let v be (-2)/(-2) + 71 + (-6)/2. Let l(g) = 3 + 3 - 47*g + v*g. List the prime factors of l(3).
2, 3
Let g(v) = -2*v**2 + 389*v - 8. List the prime factors of g(118).
2, 7, 1289
Suppose 5*u + 26720 = 7*u + 2*m, 3*u - 6*m - 40053 = 0. What are the prime factors of u?
19, 37
Let h(u) = 1229*u**2 - 4*u - 1. Let s be h(-1). Let i = s + -878. List the prime factors of i.
2, 3, 59
Suppose q - 4 = 2*q, 2*c + 284 = -q. Let o = -207 - c. What are the prime factors of (-1 - -7)/((-2)/o)?
3, 67
Let h = -917 + 4852. List the prime factors of h.
5, 787
Suppose 0 = -11*u + 8*u - 2*l - 12034, 0 = -3*u - 5*l - 12049. What are the prime factors of (-2)/(-1) + (-13)/(104/u)?
503
Let b(g) be the first derivative of g**3/3 + 5*g**2 + 28*g + 11. Let a be b(-10). What are the prime factors of a/98 - (-24)/14?
2
Let f be (-1)/7 + 2016/49. Suppose -2*w - 2*a = 19 + 1, 5*a = -4*w - f. Let s = 12 + w. What are the prime factors of s?
3
Let r(z) = 5*z - 13. Let v(m) = -m**3 - 10*m**2 - 7*m + 21. Let g be v(-9). Suppose 21 = g*q - k, -3*k = 3*q - 0*k - 21. What are the prime factors of r(q)?
2, 11
Let h = -380 + 384. Suppose 0*s + 5*s - 217